{"id":5750,"date":"2018-01-10T11:34:46","date_gmt":"2018-01-10T10:34:46","guid":{"rendered":"https:\/\/malaga.salesianos.edu\/colegio\/?page_id=5750"},"modified":"2018-04-18T13:50:19","modified_gmt":"2018-04-18T11:50:19","slug":"departamento-de-mediacion","status":"publish","type":"page","link":"https:\/\/malaga.salesianos.edu\/colegio\/departamento-de-mediacion\/","title":{"rendered":"Departamento de Mediaci\u00f3n"},"content":{"rendered":"<p>[et_pb_section bb_built=\u00bb1&#8243; fullwidth=\u00bbon\u00bb _builder_version=\u00bb3.0.47&#8243; next_background_color=\u00bb#000000&#8243;][et_pb_fullwidth_header title=\u00bbMediaci\u00f3n Escolar\u00bb module_class=\u00bbpagina-imagen-cabecera\u00bb _builder_version=\u00bb3.0.95&#8243; title_font_size=\u00bb40px\u00bb background_image=\u00bbhttps:\/\/malaga.salesianos.edu\/colegio\/wp-content\/uploads\/sites\/2\/2018\/01\/MEDIADORES2ESO_1280_a.jpg\u00bb text_orientation=\u00bbleft\u00bb header_fullscreen=\u00bboff\u00bb header_scroll_down=\u00bboff\u00bb image_orientation=\u00bbcenter\u00bb background_layout=\u00bblight\u00bb content_orientation=\u00bbcenter\u00bb custom_button_one=\u00bboff\u00bb button_one_icon_placement=\u00bbright\u00bb custom_button_two=\u00bboff\u00bb button_two_icon_placement=\u00bbright\u00bb max_width_tablet=\u00bb50px\u00bb \/][\/et_pb_section][et_pb_section bb_built=\u00bb1&#8243; custom_padding=\u00bb0%|||\u00bb module_class=\u00bbpagina-seccion-contenido\u00bb _builder_version=\u00bb3.0.47&#8243; prev_background_color=\u00bb#000000&#8243;][et_pb_row custom_padding=\u00bb25px|||\u00bb custom_margin=\u00bb25px|||\u00bb parallax_method_1=\u00bboff\u00bb module_class=\u00bbpagina-texto\u00bb _builder_version=\u00bb3.0.69&#8243; background_size=\u00bbinitial\u00bb background_position=\u00bbtop_left\u00bb background_repeat=\u00bbrepeat\u00bb][et_pb_column type=\u00bb4_4&#8243;][et_pb_post_title _builder_version=\u00bb3.0.95&#8243; title=\u00bbon\u00bb meta=\u00bbon\u00bb author=\u00bboff\u00bb date=\u00bboff\u00bb categories=\u00bboff\u00bb comments=\u00bboff\u00bb featured_image=\u00bbon\u00bb featured_placement=\u00bbbelow\u00bb text_color=\u00bbdark\u00bb text_background=\u00bboff\u00bb border_style=\u00bbsolid\u00bb box_shadow_position=\u00bbouter\u00bb \/][\/et_pb_column][\/et_pb_row][et_pb_row custom_padding=\u00bb26.453125px|0px|26px|0px\u00bb _builder_version=\u00bb3.0.47&#8243; background_size=\u00bbinitial\u00bb background_position=\u00bbtop_left\u00bb background_repeat=\u00bbrepeat\u00bb][et_pb_column type=\u00bb4_4&#8243;][et_pb_testimonial author=\u00bbJos\u00e9 Luis Gonz\u00e1lez Sodis\u00bb job_title=\u00bbCoordinador de Mediaci\u00f3n\u00bb portrait_url=\u00bbhttps:\/\/malaga.salesianos.edu\/colegio\/wp-content\/uploads\/sites\/2\/2018\/01\/gonzalez-sodis_p-2.jpg\u00bb background_layout=\u00bblight\u00bb _builder_version=\u00bb3.0.95&#8243; background_size=\u00bbinitial\u00bb background_position=\u00bbtop_left\u00bb background_repeat=\u00bbrepeat\u00bb url_new_window=\u00bboff\u00bb quote_icon=\u00bbon\u00bb use_background_color=\u00bbon\u00bb quote_icon_background_color=\u00bb#f5f5f5&#8243;]<\/p>\n<div class=\"et_pb_testimonial_description_inner\">\n<p>\u00a1Hola a todos\/as!<\/p>\n<p>Soy Jos\u00e9 Luis Gonz\u00e1lez Sodis, coordinador del Departamento de Mediaci\u00f3n y Resoluci\u00f3n de conflictos. Somos un equipo que, junto con el claustro de profesores, damos lo mejor de nosotros para hacer que el Sistema Preventivo de Don Bosco siga siendo una realidad actualizada en nuestra casa de M\u00e1laga.<\/p>\n<p>Para cualquier situaci\u00f3n de conflicto que consideres pertinente solucionarlo, te recomendamos que nos env\u00edes un mensaje desde el apartado \u201cContactar con Mediaci\u00f3n\u201d, o incluso dirigi\u00e9ndote a cualquier profesor o tutor. Nos ayudar\u00e1s a mantener un clima de convivencia adecuado, cumpliendo as\u00ed con nuestro ideario salesiano.<\/p>\n<p>Un cordial saludo.<\/p>\n<\/div>\n<p>[\/et_pb_testimonial][et_pb_text _builder_version=\u00bb3.0.93&#8243; background_size=\u00bbinitial\u00bb background_position=\u00bbtop_left\u00bb background_repeat=\u00bbrepeat\u00bb background_layout=\u00bblight\u00bb border_style=\u00bbsolid\u00bb]<\/p>\n<h2>\u00bfQu\u00e9 es la mediaci\u00f3n en la resoluci\u00f3n de conflictos? \u00bfC\u00faales son sus objetivos?<\/h2>\n<p>&nbsp;<\/p>\n<ul>\n<li>Un m\u00e9todo de resoluci\u00f3n de conflictos aplicable a las situaciones en las que las partes han llegado a un punto en el que la comunicaci\u00f3n entre ambas est\u00e1 bloqueada y, por lo tanto, no pueden intentar resolver las desavenencias a trav\u00e9s de la negociaci\u00f3n directa.<\/li>\n<li>Es una actuaci\u00f3n que se desarrolla de forma habitual en la familia, con los amigos y amigas, en el entorno social, en definitiva, que se aplica de forma rutinaria en todos los \u00e1mbitos de la vida.<\/li>\n<li>Es una de las posibles medidas que los centros pueden incluir en su Plan de Convivencia para prevenir, mediar y resolver los conflictos que pudieran plantearse en el centro entre los distintos miembros de la comunidad educativa.<\/li>\n<li>El mediador o mediadora ayuda a alcanzar un acuerdo aceptable para las partes en conflicto, pero inicialmente debe tenerse en cuanta que:<\/li>\n<li>Es un proceso estructurado pues tiene una secuencia o fases flexibles, unos recursos y unas t\u00e9cnicas espec\u00edficas.<\/li>\n<li>Es <strong><u>voluntaria<\/u><\/strong>, tanto para las partes como para el mediador o mediadora.<\/li>\n<li>Es <strong><u>confidencial<\/u><\/strong>, los asuntos tratados no pueden ser divulgados por las partes ni por el mediador o mediadora.<\/li>\n<li>Es <strong><u>cooperativa<\/u><\/strong>, como negociaci\u00f3n asistida que es, las partes deben cooperar en la resoluci\u00f3n de su conflicto. Confiere protagonismo a las partes.<\/li>\n<li>El acuerdo a trav\u00e9s del cual se resuelva el conflicto depende exclusivamente de la voluntad de las partes. El mediador o mediadora no est\u00e1 autorizado para imponerlo.<\/li>\n<\/ul>\n<p>[\/et_pb_text][\/et_pb_column][\/et_pb_row][et_pb_row custom_padding=\u00bb|||\u00bb custom_margin=\u00bb15px|||\u00bb parallax_method_1=\u00bboff\u00bb module_class=\u00bbpagina-texto\u00bb _builder_version=\u00bb3.0.64&#8243; background_size=\u00bbinitial\u00bb background_position=\u00bbtop_left\u00bb background_repeat=\u00bbrepeat\u00bb][et_pb_column type=\u00bb1_2&#8243;][et_pb_text _builder_version=\u00bb3.0.95&#8243; custom_margin=\u00bb|||\u00bb custom_padding=\u00bb|||\u00bb background_layout=\u00bblight\u00bb]<\/p>\n<h2>\u00bfC\u00f3mo puedo solicitar mediaci\u00f3n?<\/h2>\n<p>[\/et_pb_text][et_pb_text _builder_version=\u00bb3.0.106&#8243; background_size=\u00bbinitial\u00bb background_position=\u00bbtop_left\u00bb background_repeat=\u00bbrepeat\u00bb background_layout=\u00bblight\u00bb]<\/p>\n<p>Puedes solicitar mediaci\u00f3n a cualquier profesor o tutor.<\/p>\n<p>Rellena el siguiente modelo de solicitud que puedes descargar desde <strong><a href=\"https:\/\/malaga.salesianos.edu\/colegio\/wp-content\/uploads\/sites\/2\/2018\/01\/Solicitud-de-Mediacion.doc\">aqu\u00ed<\/a><\/strong> y entr\u00e9galo a tu tutor, profesor, jefatura de estudios o equipo coordinador de mediaci\u00f3n.<\/p>\n<p>[\/et_pb_text][et_pb_blurb title=\u00bbSolicitud de mediaci\u00f3n\u00bb use_icon=\u00bbon\u00bb font_icon=\u00bb%%71%%\u00bb text_orientation=\u00bbcenter\u00bb _builder_version=\u00bb3.0.95&#8243; header_font_size=\u00bb28px\u00bb body_font_size=\u00bb16px\u00bb custom_margin=\u00bb|||\u00bb url_new_window=\u00bboff\u00bb use_circle=\u00bboff\u00bb use_circle_border=\u00bboff\u00bb icon_placement=\u00bbtop\u00bb use_icon_font_size=\u00bboff\u00bb background_layout=\u00bblight\u00bb max_width_tablet=\u00bb50px\u00bb url=\u00bbhttps:\/\/malaga.salesianos.edu\/colegio\/wp-content\/uploads\/sites\/2\/2018\/01\/Solicitud-de-Mediacion.doc\u00bb \/][\/et_pb_column][et_pb_column type=\u00bb1_2&#8243;][et_pb_text _builder_version=\u00bb3.0.93&#8243; custom_margin=\u00bb|||\u00bb custom_padding=\u00bb|||\u00bb background_layout=\u00bblight\u00bb]<\/p>\n<h2>Contactar con Mediaci\u00f3n<\/h2>\n<p>[\/et_pb_text][et_pb_contact_form _builder_version=\u00bb3.0.95&#8243; email=\u00bbmediacion.malaga@salesianos.edu\u00bb captcha=\u00bbon\u00bb use_redirect=\u00bboff\u00bb custom_button=\u00bboff\u00bb button_icon_placement=\u00bbright\u00bb saved_tabs=\u00bball\u00bb][et_pb_contact_field field_title=\u00bbNombre\u00bb field_type=\u00bbinput\u00bb field_id=\u00bbName\u00bb required_mark=\u00bbon\u00bb fullwidth_field=\u00bboff\u00bb \/][et_pb_contact_field field_title=\u00bbDirecci\u00f3n de correo electr\u00f3nico\u00bb field_type=\u00bbemail\u00bb field_id=\u00bbEmail\u00bb required_mark=\u00bbon\u00bb fullwidth_field=\u00bboff\u00bb \/][et_pb_contact_field field_title=\u00bbMensaje\u00bb field_type=\u00bbtext\u00bb field_id=\u00bbMessage\u00bb required_mark=\u00bbon\u00bb fullwidth_field=\u00bbon\u00bb \/][et_pb_contact_field field_id=\u00bbPol\u00edtica_de_privacidad\u00bb field_title=\u00bbAcepto la pol\u00edtica de privacidad del sitio\u00bb field_type=\u00bbcheckbox\u00bb checkbox_checked=\u00bboff\u00bb min_length=\u00bb0&#8243; max_length=\u00bb0&#8243; allowed_symbols=\u00bball\u00bb required_mark=\u00bbon\u00bb conditional_logic=\u00bboff\u00bb conditional_logic_relation=\u00bboff\u00bb conditional_logic_rules=\u00bb%91{%22field%22:%22name%22,%22condition%22:%22is%22,%22value%22:%22%22}%93&#8243; fullwidth_field=\u00bbon\u00bb form_field_font_select=\u00bbdefault\u00bb form_field_font=\u00bb||||\u00bb use_border_color=\u00bboff\u00bb border_style=\u00bbsolid\u00bb \/][\/et_pb_contact_form][\/et_pb_column][\/et_pb_row][et_pb_row _builder_version=\u00bb3.0.95&#8243; disabled=\u00bboff\u00bb disabled_on=\u00bboff|off|off\u00bb][et_pb_column type=\u00bb1_2&#8243;][et_pb_text _builder_version=\u00bb3.0.95&#8243; background_layout=\u00bblight\u00bb]<\/p>\n<h1>Equipo de Mediadores del presente curso<\/h1>\n<p>[\/et_pb_text][et_pb_image _builder_version=\u00bb3.0.95&#8243; src=\u00bbhttps:\/\/malaga.salesianos.edu\/colegio\/wp-content\/uploads\/sites\/2\/2018\/01\/IMG_1014.jpg\u00bb show_in_lightbox=\u00bboff\u00bb url_new_window=\u00bboff\u00bb use_overlay=\u00bboff\u00bb always_center_on_mobile=\u00bbon\u00bb force_fullwidth=\u00bboff\u00bb show_bottom_space=\u00bbon\u00bb animation_style=\u00bbslide\u00bb \/][\/et_pb_column][et_pb_column type=\u00bb1_2&#8243;][et_pb_gallery _builder_version=\u00bb3.0.95&#8243; gallery_orderby=\u00bbrand\u00bb show_title_and_caption=\u00bbon\u00bb show_pagination=\u00bbon\u00bb gallery_ids=\u00bb5773,5774,5775,5776&#8243; fullwidth=\u00bbon\u00bb orientation=\u00bblandscape\u00bb zoom_icon_color=\u00bb#dc001b\u00bb hover_overlay_color=\u00bbrgba(255,255,255,0.9)\u00bb background_layout=\u00bblight\u00bb pagination_font_size_tablet=\u00bb51&#8243; pagination_line_height_tablet=\u00bb2&#8243; auto=\u00bbon\u00bb \/][\/et_pb_column][\/et_pb_row][\/et_pb_section]<\/p>\n","protected":false},"excerpt":{"rendered":"<p>\u00a1Hola a todos\/as! Soy Jos\u00e9 Luis Gonz\u00e1lez Sodis, coordinador del Departamento de Mediaci\u00f3n y Resoluci\u00f3n de conflictos. Somos un equipo que, junto con el claustro de profesores, damos lo mejor de nosotros para hacer que el Sistema Preventivo de Don Bosco siga siendo una realidad actualizada en nuestra casa de M\u00e1laga. Para cualquier situaci\u00f3n de [&hellip;]<\/p>\n","protected":false},"author":2,"featured_media":0,"parent":0,"menu_order":0,"comment_status":"closed","ping_status":"closed","template":"","meta":{"_et_pb_use_builder":"on","_et_pb_old_content":"","_et_gb_content_width":"","footnotes":""},"class_list":["post-5750","page","type-page","status-publish","hentry"],"yoast_head":"<!-- This site is optimized with the Yoast SEO plugin v27.4 - https:\/\/yoast.com\/product\/yoast-seo-wordpress\/ -->\n<title>Departamento de Mediaci\u00f3n - Colegio Concertado San Bartolom\u00e9 | Salesianos M\u00e1laga<\/title>\n<meta name=\"description\" content=\"Departamento de Mediaci\u00f3n y Resoluci\u00f3n de conflictos. Somos un equipo que, junto con el claustro de profesores, damos lo mejor de nosotros para hacer que el Sistema Preventivo de D. Bosco siga siendo una realidad actualizada en nuestra casa de M\u00e1laga. Env\u00edanos un mensaje desde el apartado \u201cContactar con Mediaci\u00f3n\u201d.\" \/>\n<meta name=\"robots\" content=\"index, follow, max-snippet:-1, max-image-preview:large, max-video-preview:-1\" \/>\n<link rel=\"canonical\" href=\"https:\/\/malaga.salesianos.edu\/colegio\/departamento-de-mediacion\/\" \/>\n<meta property=\"og:locale\" content=\"es_ES\" \/>\n<meta property=\"og:type\" content=\"article\" \/>\n<meta property=\"og:title\" content=\"Departamento de Mediaci\u00f3n - Colegio Concertado San Bartolom\u00e9 | Salesianos M\u00e1laga\" \/>\n<meta property=\"og:description\" content=\"Departamento de Mediaci\u00f3n y Resoluci\u00f3n de conflictos. Somos un equipo que, junto con el claustro de profesores, damos lo mejor de nosotros para hacer que el Sistema Preventivo de D. Bosco siga siendo una realidad actualizada en nuestra casa de M\u00e1laga. Env\u00edanos un mensaje desde el apartado \u201cContactar con Mediaci\u00f3n\u201d.\" \/>\n<meta property=\"og:url\" content=\"https:\/\/malaga.salesianos.edu\/colegio\/departamento-de-mediacion\/\" \/>\n<meta property=\"og:site_name\" content=\"Colegio Concertado San Bartolom\u00e9 | Salesianos M\u00e1laga\" \/>\n<meta property=\"article:modified_time\" content=\"2018-04-18T11:50:19+00:00\" \/>\n<meta name=\"twitter:card\" content=\"summary_large_image\" \/>\n<meta name=\"twitter:label1\" content=\"Tiempo de lectura\" \/>\n\t<meta name=\"twitter:data1\" content=\"6 minutos\" \/>\n<script type=\"application\/ld+json\" class=\"yoast-schema-graph\">{\"@context\":\"https:\\\/\\\/schema.org\",\"@graph\":[{\"@type\":\"WebPage\",\"@id\":\"https:\\\/\\\/malaga.salesianos.edu\\\/colegio\\\/departamento-de-mediacion\\\/\",\"url\":\"https:\\\/\\\/malaga.salesianos.edu\\\/colegio\\\/departamento-de-mediacion\\\/\",\"name\":\"Departamento de Mediaci\u00f3n - Colegio Concertado San Bartolom\u00e9 | Salesianos M\u00e1laga\",\"isPartOf\":{\"@id\":\"https:\\\/\\\/malaga.salesianos.edu\\\/colegio\\\/#website\"},\"datePublished\":\"2018-01-10T10:34:46+00:00\",\"dateModified\":\"2018-04-18T11:50:19+00:00\",\"description\":\"Departamento de Mediaci\u00f3n y Resoluci\u00f3n de conflictos. Somos un equipo que, junto con el claustro de profesores, damos lo mejor de nosotros para hacer que el Sistema Preventivo de D. Bosco siga siendo una realidad actualizada en nuestra casa de M\u00e1laga. Env\u00edanos un mensaje desde el apartado \u201cContactar con Mediaci\u00f3n\u201d.\",\"breadcrumb\":{\"@id\":\"https:\\\/\\\/malaga.salesianos.edu\\\/colegio\\\/departamento-de-mediacion\\\/#breadcrumb\"},\"inLanguage\":\"es\",\"potentialAction\":[{\"@type\":\"ReadAction\",\"target\":[\"https:\\\/\\\/malaga.salesianos.edu\\\/colegio\\\/departamento-de-mediacion\\\/\"]}]},{\"@type\":\"BreadcrumbList\",\"@id\":\"https:\\\/\\\/malaga.salesianos.edu\\\/colegio\\\/departamento-de-mediacion\\\/#breadcrumb\",\"itemListElement\":[{\"@type\":\"ListItem\",\"position\":1,\"name\":\"Portada\",\"item\":\"https:\\\/\\\/malaga.salesianos.edu\\\/colegio\\\/\"},{\"@type\":\"ListItem\",\"position\":2,\"name\":\"Departamento de Mediaci\u00f3n\"}]},{\"@type\":\"WebSite\",\"@id\":\"https:\\\/\\\/malaga.salesianos.edu\\\/colegio\\\/#website\",\"url\":\"https:\\\/\\\/malaga.salesianos.edu\\\/colegio\\\/\",\"name\":\"Colegio Concertado San Bartolom\u00e9 | Salesianos M\u00e1laga\",\"description\":\"Centro concertado. Infantil, Primaria, ESO, Bachillerato, Formaci\u00f3n Profesional, Formaci\u00f3n Profesional B\u00e1sica (FPB) y Ciclos Formativos de Grado Medio y Superior.\",\"publisher\":{\"@id\":\"https:\\\/\\\/malaga.salesianos.edu\\\/colegio\\\/#organization\"},\"potentialAction\":[{\"@type\":\"SearchAction\",\"target\":{\"@type\":\"EntryPoint\",\"urlTemplate\":\"https:\\\/\\\/malaga.salesianos.edu\\\/colegio\\\/?s={search_term_string}\"},\"query-input\":{\"@type\":\"PropertyValueSpecification\",\"valueRequired\":true,\"valueName\":\"search_term_string\"}}],\"inLanguage\":\"es\"},{\"@type\":\"Organization\",\"@id\":\"https:\\\/\\\/malaga.salesianos.edu\\\/colegio\\\/#organization\",\"name\":\"Salesianos M\u00e1laga\",\"url\":\"https:\\\/\\\/malaga.salesianos.edu\\\/colegio\\\/\",\"logo\":{\"@type\":\"ImageObject\",\"inLanguage\":\"es\",\"@id\":\"https:\\\/\\\/malaga.salesianos.edu\\\/colegio\\\/#\\\/schema\\\/logo\\\/image\\\/\",\"url\":\"https:\\\/\\\/malaga.salesianos.edu\\\/colegio\\\/wp-content\\\/uploads\\\/sites\\\/2\\\/2018\\\/04\\\/MALAGAobraVN2.jpg\",\"contentUrl\":\"https:\\\/\\\/malaga.salesianos.edu\\\/colegio\\\/wp-content\\\/uploads\\\/sites\\\/2\\\/2018\\\/04\\\/MALAGAobraVN2.jpg\",\"width\":1937,\"height\":1490,\"caption\":\"Salesianos M\u00e1laga\"},\"image\":{\"@id\":\"https:\\\/\\\/malaga.salesianos.edu\\\/colegio\\\/#\\\/schema\\\/logo\\\/image\\\/\"}}]}<\/script>\n<!-- \/ Yoast SEO plugin. -->","yoast_head_json":{"title":"Departamento de Mediaci\u00f3n - Colegio Concertado San Bartolom\u00e9 | Salesianos M\u00e1laga","description":"Departamento de Mediaci\u00f3n y Resoluci\u00f3n de conflictos. Somos un equipo que, junto con el claustro de profesores, damos lo mejor de nosotros para hacer que el Sistema Preventivo de D. Bosco siga siendo una realidad actualizada en nuestra casa de M\u00e1laga. Env\u00edanos un mensaje desde el apartado \u201cContactar con Mediaci\u00f3n\u201d.","robots":{"index":"index","follow":"follow","max-snippet":"max-snippet:-1","max-image-preview":"max-image-preview:large","max-video-preview":"max-video-preview:-1"},"canonical":"https:\/\/malaga.salesianos.edu\/colegio\/departamento-de-mediacion\/","og_locale":"es_ES","og_type":"article","og_title":"Departamento de Mediaci\u00f3n - Colegio Concertado San Bartolom\u00e9 | Salesianos M\u00e1laga","og_description":"Departamento de Mediaci\u00f3n y Resoluci\u00f3n de conflictos. Somos un equipo que, junto con el claustro de profesores, damos lo mejor de nosotros para hacer que el Sistema Preventivo de D. Bosco siga siendo una realidad actualizada en nuestra casa de M\u00e1laga. Env\u00edanos un mensaje desde el apartado \u201cContactar con Mediaci\u00f3n\u201d.","og_url":"https:\/\/malaga.salesianos.edu\/colegio\/departamento-de-mediacion\/","og_site_name":"Colegio Concertado San Bartolom\u00e9 | Salesianos M\u00e1laga","article_modified_time":"2018-04-18T11:50:19+00:00","twitter_card":"summary_large_image","twitter_misc":{"Tiempo de lectura":"6 minutos"},"schema":{"@context":"https:\/\/schema.org","@graph":[{"@type":"WebPage","@id":"https:\/\/malaga.salesianos.edu\/colegio\/departamento-de-mediacion\/","url":"https:\/\/malaga.salesianos.edu\/colegio\/departamento-de-mediacion\/","name":"Departamento de Mediaci\u00f3n - Colegio Concertado San Bartolom\u00e9 | Salesianos M\u00e1laga","isPartOf":{"@id":"https:\/\/malaga.salesianos.edu\/colegio\/#website"},"datePublished":"2018-01-10T10:34:46+00:00","dateModified":"2018-04-18T11:50:19+00:00","description":"Departamento de Mediaci\u00f3n y Resoluci\u00f3n de conflictos. Somos un equipo que, junto con el claustro de profesores, damos lo mejor de nosotros para hacer que el Sistema Preventivo de D. Bosco siga siendo una realidad actualizada en nuestra casa de M\u00e1laga. Env\u00edanos un mensaje desde el apartado \u201cContactar con Mediaci\u00f3n\u201d.","breadcrumb":{"@id":"https:\/\/malaga.salesianos.edu\/colegio\/departamento-de-mediacion\/#breadcrumb"},"inLanguage":"es","potentialAction":[{"@type":"ReadAction","target":["https:\/\/malaga.salesianos.edu\/colegio\/departamento-de-mediacion\/"]}]},{"@type":"BreadcrumbList","@id":"https:\/\/malaga.salesianos.edu\/colegio\/departamento-de-mediacion\/#breadcrumb","itemListElement":[{"@type":"ListItem","position":1,"name":"Portada","item":"https:\/\/malaga.salesianos.edu\/colegio\/"},{"@type":"ListItem","position":2,"name":"Departamento de Mediaci\u00f3n"}]},{"@type":"WebSite","@id":"https:\/\/malaga.salesianos.edu\/colegio\/#website","url":"https:\/\/malaga.salesianos.edu\/colegio\/","name":"Colegio Concertado San Bartolom\u00e9 | Salesianos M\u00e1laga","description":"Centro concertado. Infantil, Primaria, ESO, Bachillerato, Formaci\u00f3n Profesional, Formaci\u00f3n Profesional B\u00e1sica (FPB) y Ciclos Formativos de Grado Medio y Superior.","publisher":{"@id":"https:\/\/malaga.salesianos.edu\/colegio\/#organization"},"potentialAction":[{"@type":"SearchAction","target":{"@type":"EntryPoint","urlTemplate":"https:\/\/malaga.salesianos.edu\/colegio\/?s={search_term_string}"},"query-input":{"@type":"PropertyValueSpecification","valueRequired":true,"valueName":"search_term_string"}}],"inLanguage":"es"},{"@type":"Organization","@id":"https:\/\/malaga.salesianos.edu\/colegio\/#organization","name":"Salesianos M\u00e1laga","url":"https:\/\/malaga.salesianos.edu\/colegio\/","logo":{"@type":"ImageObject","inLanguage":"es","@id":"https:\/\/malaga.salesianos.edu\/colegio\/#\/schema\/logo\/image\/","url":"https:\/\/malaga.salesianos.edu\/colegio\/wp-content\/uploads\/sites\/2\/2018\/04\/MALAGAobraVN2.jpg","contentUrl":"https:\/\/malaga.salesianos.edu\/colegio\/wp-content\/uploads\/sites\/2\/2018\/04\/MALAGAobraVN2.jpg","width":1937,"height":1490,"caption":"Salesianos M\u00e1laga"},"image":{"@id":"https:\/\/malaga.salesianos.edu\/colegio\/#\/schema\/logo\/image\/"}}]}},"_links":{"self":[{"href":"https:\/\/malaga.salesianos.edu\/colegio\/wp-json\/wp\/v2\/pages\/5750","targetHints":{"allow":["GET"]}}],"collection":[{"href":"https:\/\/malaga.salesianos.edu\/colegio\/wp-json\/wp\/v2\/pages"}],"about":[{"href":"https:\/\/malaga.salesianos.edu\/colegio\/wp-json\/wp\/v2\/types\/page"}],"author":[{"embeddable":true,"href":"https:\/\/malaga.salesianos.edu\/colegio\/wp-json\/wp\/v2\/users\/2"}],"replies":[{"embeddable":true,"href":"https:\/\/malaga.salesianos.edu\/colegio\/wp-json\/wp\/v2\/comments?post=5750"}],"version-history":[{"count":19,"href":"https:\/\/malaga.salesianos.edu\/colegio\/wp-json\/wp\/v2\/pages\/5750\/revisions"}],"predecessor-version":[{"id":11490,"href":"https:\/\/malaga.salesianos.edu\/colegio\/wp-json\/wp\/v2\/pages\/5750\/revisions\/11490"}],"wp:attachment":[{"href":"https:\/\/malaga.salesianos.edu\/colegio\/wp-json\/wp\/v2\/media?parent=5750"}],"curies":[{"name":"wp","href":"https:\/\/api.w.org\/{rel}","templated":true}]}}