{"id":4883,"date":"2017-10-28T01:00:16","date_gmt":"2017-10-27T23:00:16","guid":{"rendered":"https:\/\/malaga.salesianos.edu\/centrojuvenil\/?page_id=4883"},"modified":"2018-11-04T22:25:49","modified_gmt":"2018-11-04T21:25:49","slug":"grupo-sal-terrae","status":"publish","type":"page","link":"https:\/\/malaga.salesianos.edu\/centrojuvenil\/grupo-sal-terrae\/","title":{"rendered":"Grupo Sal Terrae"},"content":{"rendered":"<p>[et_pb_section bb_built=\u00bb1&#8243; fullwidth=\u00bbon\u00bb specialty=\u00bboff\u00bb next_background_color=\u00bb#000000&#8243;][et_pb_fullwidth_header title=\u00bbSal Terrae\u00bb background_layout=\u00bblight\u00bb text_orientation=\u00bbleft\u00bb header_fullscreen=\u00bboff\u00bb header_scroll_down=\u00bboff\u00bb background_url=\u00bbhttps:\/\/malaga.salesianos.edu\/centrojuvenil\/wp-content\/uploads\/sites\/6\/2017\/04\/DSC0006c.jpg\u00bb content_orientation=\u00bbcenter\u00bb image_orientation=\u00bbcenter\u00bb title_font_color=\u00bb#ffffff\u00bb custom_button_one=\u00bboff\u00bb button_one_icon_placement=\u00bbright\u00bb custom_button_two=\u00bboff\u00bb button_two_icon_placement=\u00bbright\u00bb module_class=\u00bbpagina-imagen-cabecera\u00bb title_font_size=\u00bb40px\u00bb _builder_version=\u00bb3.0.85&#8243; background_color=\u00bb#e09900&#8243; background_image=\u00bbhttps:\/\/malaga.salesianos.edu\/centrojuvenil\/wp-content\/uploads\/sites\/6\/2017\/10\/sal_terrae_2r.jpg\u00bb background_blend=\u00bbsoft-light\u00bb title_text_color=\u00bb#ffffff\u00bb button_one_text_size__hover_enabled=\u00bboff\u00bb button_one_text_size__hover=\u00bbnull\u00bb button_two_text_size__hover_enabled=\u00bboff\u00bb button_two_text_size__hover=\u00bbnull\u00bb button_one_text_color__hover_enabled=\u00bboff\u00bb button_one_text_color__hover=\u00bbnull\u00bb button_two_text_color__hover_enabled=\u00bboff\u00bb button_two_text_color__hover=\u00bbnull\u00bb button_one_border_width__hover_enabled=\u00bboff\u00bb button_one_border_width__hover=\u00bbnull\u00bb button_two_border_width__hover_enabled=\u00bboff\u00bb button_two_border_width__hover=\u00bbnull\u00bb button_one_border_color__hover_enabled=\u00bboff\u00bb button_one_border_color__hover=\u00bbnull\u00bb button_two_border_color__hover_enabled=\u00bboff\u00bb button_two_border_color__hover=\u00bbnull\u00bb button_one_border_radius__hover_enabled=\u00bboff\u00bb button_one_border_radius__hover=\u00bbnull\u00bb button_two_border_radius__hover_enabled=\u00bboff\u00bb button_two_border_radius__hover=\u00bbnull\u00bb button_one_letter_spacing__hover_enabled=\u00bboff\u00bb button_one_letter_spacing__hover=\u00bbnull\u00bb button_two_letter_spacing__hover_enabled=\u00bboff\u00bb button_two_letter_spacing__hover=\u00bbnull\u00bb button_one_bg_color__hover_enabled=\u00bboff\u00bb button_one_bg_color__hover=\u00bbnull\u00bb button_two_bg_color__hover_enabled=\u00bboff\u00bb button_two_bg_color__hover=\u00bbnull\u00bb \/][\/et_pb_section][et_pb_section bb_built=\u00bb1&#8243; fullwidth=\u00bboff\u00bb specialty=\u00bboff\u00bb transparent_background=\u00bboff\u00bb allow_player_pause=\u00bboff\u00bb inner_shadow=\u00bboff\u00bb parallax=\u00bboff\u00bb parallax_method=\u00bboff\u00bb custom_padding=\u00bb-4%|||\u00bb make_fullwidth=\u00bboff\u00bb use_custom_width=\u00bboff\u00bb width_unit=\u00bbon\u00bb make_equal=\u00bboff\u00bb use_custom_gutter=\u00bboff\u00bb module_class=\u00bbpagina-seccion-contenido\u00bb prev_background_color=\u00bb#ffffff\u00bb next_background_color=\u00bb#000000&#8243;][et_pb_row make_fullwidth=\u00bboff\u00bb use_custom_width=\u00bboff\u00bb width_unit=\u00bbon\u00bb use_custom_gutter=\u00bboff\u00bb allow_player_pause=\u00bboff\u00bb parallax=\u00bboff\u00bb parallax_method=\u00bboff\u00bb make_equal=\u00bboff\u00bb parallax_1=\u00bboff\u00bb parallax_method_1=\u00bboff\u00bb module_class=\u00bbpagina-texto\u00bb background_position=\u00bbtop_left\u00bb background_repeat=\u00bbrepeat\u00bb background_size=\u00bbinitial\u00bb][et_pb_column type=\u00bb4_4&#8243;][et_pb_post_title title=\u00bbon\u00bb meta=\u00bbon\u00bb author=\u00bboff\u00bb date=\u00bboff\u00bb categories=\u00bboff\u00bb comments=\u00bboff\u00bb featured_image=\u00bboff\u00bb featured_placement=\u00bbbelow\u00bb parallax_effect=\u00bboff\u00bb parallax_method=\u00bbon\u00bb text_orientation=\u00bbleft\u00bb text_color=\u00bbdark\u00bb text_background=\u00bboff\u00bb text_bg_color=\u00bbrgba(255,255,255,0.9)\u00bb use_border_color=\u00bboff\u00bb border_color=\u00bb#ffffff\u00bb border_style=\u00bbsolid\u00bb title_font_size=\u00bb26&#8243; title_font_size_last_edited=\u00bbon|phone\u00bb parallax=\u00bboff\u00bb \/][et_pb_text background_layout=\u00bblight\u00bb text_orientation=\u00bbjustified\u00bb _builder_version=\u00bb3.0.85&#8243; module_alignment=\u00bbjustified\u00bb]<\/p>\n<blockquote>\n<p><strong><em>Los grupos \u201cSal Terrae\u201d dan continuidad al Itinerario de Educaci\u00f3n en La Fe que se lleva a cabo con los ni\u00f1os y j\u00f3venes del Movimiento juvenil Cristo Vive desde los 10 hasta los 17 a\u00f1os.<\/em><\/strong><\/p>\n<\/blockquote>\n<p>[\/et_pb_text][\/et_pb_column][\/et_pb_row][et_pb_row][et_pb_column type=\u00bb2_3&#8243;][et_pb_text background_layout=\u00bblight\u00bb text_orientation=\u00bbjustified\u00bb _builder_version=\u00bb3.0.85&#8243; module_alignment=\u00bbjustified\u00bb]<\/p>\n<h3><strong>\u00bfQui\u00e9nes somos?<br \/>\n<\/strong><\/h3>\n<p>Est\u00e1 compuesto por j\u00f3venes con una edad a partir de los 18 a\u00f1os y que en su mayor\u00eda son animadores o catequistas del Movimiento juvenil y catequesis del colegio. No obstante, tambi\u00e9n est\u00e1n invitados y participan j\u00f3venes que no tienen en estos momentos un compromiso pastoral, pero quieren seguir madurando su ser cristiano. En nuestra Casa Salesiana de M\u00e1laga hay tres grupos compuestos por unos 25 j\u00f3venes en total y que se re\u00fanen con una periodicidad quincenal, estando animados por Salesianos Cooperadores.<\/p>\n<h3><strong>Objetivo principal<br \/>\n<\/strong><\/h3>\n<p>Su objetivo principal es intentar llevar a la propia vida las palabras del Evangelio \u201d Vosotros<em> sois la sal de la tierra\u201d (Mateo 5,13),<\/em> es decir: seguir creciendo en la fe y profundizando desde el grupo tanto en temas formativos como la oraci\u00f3n personal y comunitaria, el acompa\u00f1amiento espiritual, discernimiento vocacional\u2026 con el fin de ser cristianos comprometidos por y desde el mensaje de Jes\u00fas. Para ello se utilizan los materiales propuestos por el Centro Nacional Salesiano de Pastoral Juvenil y otros que puedan ser adecuados a necesidades formativas o espirituales que planteen los propios j\u00f3venes.<\/p>\n<h3><strong>Formaci\u00f3n<br \/>\n<\/strong><\/h3>\n<p>El animador no solo ha de vivir su fe y mantener su compromiso como agente de pastoral, tambi\u00e9n\u00a0ha de buscar, conocer y profundizar en los medios, t\u00e9cnicas\u2026 m\u00e1s adecuadas para transmitir los contenidos de esa fe.<\/p>\n<p>Convencidos de esta idea que nos transmite el Itinerario de educaci\u00f3n en la Fe, cada curso desde el equipo de Pastoral Juvenil y de acuerdo con las necesidades que plantean los animadores se seleccionan y preparan unos temas que puedan ayudar a los animadores en su tarea pastoral.<\/p>\n<p>Durante los \u00faltimos cursos se ha profundizado en temas tan variados como la espiritualidad salesiana, liturgia, t\u00e9cnicas de resoluci\u00f3n de conflictos o el trabajo con j\u00f3venes en situaci\u00f3n de exclusi\u00f3n social.<\/p>\n<p>Las formaciones son impartidas por personas que sean especialistas en los temas escogidos y con la intenci\u00f3n que puedan ser convalidados (por n\u00famero de horas) como Monogr\u00e1ficos de la Escuela de animadores.<\/p>\n<p>[\/et_pb_text][\/et_pb_column][et_pb_column type=\u00bb1_3&#8243;][et_pb_image _builder_version=\u00bb3.0.85&#8243; src=\u00bbhttps:\/\/malaga.salesianos.edu\/centrojuvenil\/wp-content\/uploads\/sites\/6\/2017\/10\/logo-sal-terrae_450.jpg\u00bb show_in_lightbox=\u00bboff\u00bb url_new_window=\u00bboff\u00bb use_overlay=\u00bboff\u00bb always_center_on_mobile=\u00bbon\u00bb force_fullwidth=\u00bbon\u00bb show_bottom_space=\u00bbon\u00bb animation_style=\u00bbslide\u00bb animation_direction=\u00bbright\u00bb \/][\/et_pb_column][\/et_pb_row][et_pb_row][et_pb_column type=\u00bb1_2&#8243;][et_pb_text _builder_version=\u00bb3.0.85&#8243; background_layout=\u00bblight\u00bb]<\/p>\n<h1 class=\"et_pb_contact_main_title\">\u00a1Env\u00edanos un mensaje!<\/h1>\n<p>[\/et_pb_text][et_pb_contact_form _builder_version=\u00bb3.0.85&#8243; email=\u00bbpj.malaga@salesianos.edu\u00bb captcha=\u00bbon\u00bb use_redirect=\u00bboff\u00bb custom_button=\u00bboff\u00bb button_icon_placement=\u00bbright\u00bb saved_tabs=\u00bball\u00bb border_radii=\u00bbon||||\u00bb][et_pb_contact_field field_title=\u00bbNombre\u00bb field_type=\u00bbinput\u00bb field_id=\u00bbName\u00bb required_mark=\u00bbon\u00bb fullwidth_field=\u00bboff\u00bb \/][et_pb_contact_field field_title=\u00bbDirecci\u00f3n de correo electr\u00f3nico\u00bb field_type=\u00bbemail\u00bb field_id=\u00bbEmail\u00bb required_mark=\u00bbon\u00bb fullwidth_field=\u00bboff\u00bb \/][et_pb_contact_field field_title=\u00bbMensaje\u00bb field_type=\u00bbtext\u00bb field_id=\u00bbMessage\u00bb required_mark=\u00bbon\u00bb fullwidth_field=\u00bbon\u00bb \/][et_pb_contact_field field_id=\u00bbPol\u00edtica_de_privacidad\u00bb field_title=\u00bbAcepto la pol\u00edtica de privacidad del sitio\u00bb field_type=\u00bbcheckbox\u00bb checkbox_checked=\u00bboff\u00bb min_length=\u00bb0&#8243; max_length=\u00bb0&#8243; allowed_symbols=\u00bball\u00bb required_mark=\u00bbon\u00bb conditional_logic=\u00bboff\u00bb conditional_logic_relation=\u00bboff\u00bb conditional_logic_rules=\u00bb%91{%22field%22:%22name%22,%22condition%22:%22is%22,%22value%22:%22%22}%93&#8243; fullwidth_field=\u00bbon\u00bb form_field_font_select=\u00bbdefault\u00bb form_field_font=\u00bb||||\u00bb use_border_color=\u00bboff\u00bb border_style=\u00bbsolid\u00bb \/][\/et_pb_contact_form][\/et_pb_column][et_pb_column type=\u00bb1_2&#8243;][et_pb_divider _builder_version=\u00bb3.0.85&#8243; color=\u00bb#ffffff\u00bb show_divider=\u00bboff\u00bb \/][et_pb_gallery _builder_version=\u00bb3.17.4&#8243; gallery_ids=\u00bb4889,4888,4887,8243&#8243; fullwidth=\u00bbon\u00bb zoom_icon_color=\u00bb#dc001b\u00bb hover_overlay_color=\u00bbrgba(255,255,255,0.9)\u00bb pagination_font_size_tablet=\u00bb51&#8243; pagination_line_height_tablet=\u00bb2&#8243; auto=\u00bbon\u00bb \/][\/et_pb_column][\/et_pb_row][et_pb_row _builder_version=\u00bb3.0.89&#8243;][et_pb_column type=\u00bb1_3&#8243;][et_pb_blurb admin_label=\u00bbDirecci\u00f3n\u00bb _builder_version=\u00bb3.0.87&#8243; url_new_window=\u00bbon\u00bb use_icon=\u00bbon\u00bb font_icon=\u00bb%%122%%\u00bb use_circle=\u00bboff\u00bb use_circle_border=\u00bboff\u00bb icon_placement=\u00bbtop\u00bb use_icon_font_size=\u00bboff\u00bb border_style_top_image=\u00bbsolid\u00bb border_style_right_image=\u00bbsolid\u00bb border_style_bottom_image=\u00bbsolid\u00bb border_style_left_image=\u00bbsolid\u00bb background_layout=\u00bblight\u00bb header_text_align=\u00bbcenter\u00bb body_text_align=\u00bbcenter\u00bb title=\u00bbColegio Salesiano San Bartolom\u00e9\u00bb text_orientation=\u00bbcenter\u00bb url=\u00bbhttps:\/\/www.google.es\/maps\/place\/Calle+Eduardo+Dom%C3%ADnguez+%C3%81vila,+19,+29014+M%C3%A1laga\/@36.731222,-4.4238126,17z\/data=!3m1!4b1!4m5!3m4!1s0xd72f7b9c6dd7f5d:0xd2320464490da072!8m2!3d36.731222!4d-4.4216239?hl=es\u00bb header_font_size=\u00bb16&#8243; \/][\/et_pb_column][et_pb_column type=\u00bb1_3&#8243;][et_pb_blurb admin_label=\u00bbTel\u00e9fono\u00bb _builder_version=\u00bb3.0.89&#8243; title=\u00bbTfno: 952 25 15 41&#8243; url_new_window=\u00bboff\u00bb use_icon=\u00bbon\u00bb font_icon=\u00bb%%264%%\u00bb use_circle=\u00bboff\u00bb use_circle_border=\u00bboff\u00bb icon_placement=\u00bbtop\u00bb use_icon_font_size=\u00bboff\u00bb background_layout=\u00bblight\u00bb text_orientation=\u00bbcenter\u00bb header_text_align=\u00bbcenter\u00bb body_text_align=\u00bbcenter\u00bb header_font_size=\u00bb16&#8243; url=\u00bbtel:\/\/952251541&#8243; \/][\/et_pb_column][et_pb_column type=\u00bb1_3&#8243;][et_pb_blurb admin_label=\u00bbCorreo\u00bb _builder_version=\u00bb3.0.87&#8243; url_new_window=\u00bboff\u00bb use_icon=\u00bbon\u00bb font_icon=\u00bb%%153%%\u00bb use_circle=\u00bboff\u00bb use_circle_border=\u00bboff\u00bb icon_placement=\u00bbtop\u00bb use_icon_font_size=\u00bboff\u00bb border_style_top_image=\u00bbsolid\u00bb border_style_right_image=\u00bbsolid\u00bb border_style_bottom_image=\u00bbsolid\u00bb border_style_left_image=\u00bbsolid\u00bb background_layout=\u00bblight\u00bb header_text_align=\u00bbcenter\u00bb body_text_align=\u00bbcenter\u00bb title=\u00bbpj.malaga@salesianos.edu\u00bb text_orientation=\u00bbcenter\u00bb url=\u00bbmailto:pj.malaga@salesianos.edu\u00bb header_font_size=\u00bb16&#8243; \/][\/et_pb_column][\/et_pb_row][\/et_pb_section]<\/p>\n","protected":false},"excerpt":{"rendered":"<p>Los grupos \u201cSal Terrae\u201d dan continuidad al Itinerario de Educaci\u00f3n en La Fe que se lleva a cabo con los ni\u00f1os y j\u00f3venes del Movimiento juvenil Cristo Vive desde los 10 hasta los 17 a\u00f1os. <div class=\"et_pb_row et_pb_row_0 et_pb_row_empty\">\n\t\t\t\t\n\t\t\t\t\n\t\t\t\t\n\t\t\t\t\n\t\t\t\t\n\t\t\t<\/div> \u00bfQui\u00e9nes somos? Est\u00e1 compuesto por j\u00f3venes con una edad a partir de los 18 a\u00f1os y que en su [&hellip;]<\/p>\n","protected":false},"author":2,"featured_media":0,"parent":0,"menu_order":0,"comment_status":"closed","ping_status":"closed","template":"","meta":{"_et_pb_use_builder":"on","_et_pb_old_content":"","_et_gb_content_width":"","footnotes":""},"class_list":["post-4883","page","type-page","status-publish","hentry"],"yoast_head":"<!-- This site is optimized with the Yoast SEO plugin v27.3 - https:\/\/yoast.com\/product\/yoast-seo-wordpress\/ -->\n<title>Grupo Sal Terrae - Centro Juvenil | Salesianos M\u00e1laga<\/title>\n<meta name=\"robots\" content=\"index, follow, max-snippet:-1, max-image-preview:large, max-video-preview:-1\" \/>\n<link rel=\"canonical\" href=\"https:\/\/malaga.salesianos.edu\/centrojuvenil\/grupo-sal-terrae\/\" \/>\n<meta property=\"og:locale\" content=\"es_ES\" \/>\n<meta property=\"og:type\" content=\"article\" \/>\n<meta property=\"og:title\" content=\"Grupo Sal Terrae - Centro Juvenil | Salesianos M\u00e1laga\" \/>\n<meta property=\"og:description\" content=\"Los grupos \u201cSal Terrae\u201d dan continuidad al Itinerario de Educaci\u00f3n en La Fe que se lleva a cabo con los ni\u00f1os y j\u00f3venes del Movimiento juvenil Cristo Vive desde los 10 hasta los 17 a\u00f1os. \u00bfQui\u00e9nes somos? Est\u00e1 compuesto por j\u00f3venes con una edad a partir de los 18 a\u00f1os y que en su [&hellip;]\" \/>\n<meta property=\"og:url\" content=\"https:\/\/malaga.salesianos.edu\/centrojuvenil\/grupo-sal-terrae\/\" \/>\n<meta property=\"og:site_name\" content=\"Centro Juvenil | Salesianos M\u00e1laga\" \/>\n<meta property=\"article:modified_time\" content=\"2018-11-04T21:25:49+00:00\" \/>\n<meta name=\"twitter:card\" content=\"summary_large_image\" \/>\n<meta name=\"twitter:label1\" content=\"Tiempo de lectura\" \/>\n\t<meta name=\"twitter:data1\" content=\"7 minutos\" \/>\n<script type=\"application\/ld+json\" class=\"yoast-schema-graph\">{\"@context\":\"https:\\\/\\\/schema.org\",\"@graph\":[{\"@type\":\"WebPage\",\"@id\":\"https:\\\/\\\/malaga.salesianos.edu\\\/centrojuvenil\\\/grupo-sal-terrae\\\/\",\"url\":\"https:\\\/\\\/malaga.salesianos.edu\\\/centrojuvenil\\\/grupo-sal-terrae\\\/\",\"name\":\"Grupo Sal Terrae - Centro Juvenil | Salesianos M\u00e1laga\",\"isPartOf\":{\"@id\":\"https:\\\/\\\/malaga.salesianos.edu\\\/centrojuvenil\\\/#website\"},\"datePublished\":\"2017-10-27T23:00:16+00:00\",\"dateModified\":\"2018-11-04T21:25:49+00:00\",\"breadcrumb\":{\"@id\":\"https:\\\/\\\/malaga.salesianos.edu\\\/centrojuvenil\\\/grupo-sal-terrae\\\/#breadcrumb\"},\"inLanguage\":\"es\",\"potentialAction\":[{\"@type\":\"ReadAction\",\"target\":[\"https:\\\/\\\/malaga.salesianos.edu\\\/centrojuvenil\\\/grupo-sal-terrae\\\/\"]}]},{\"@type\":\"BreadcrumbList\",\"@id\":\"https:\\\/\\\/malaga.salesianos.edu\\\/centrojuvenil\\\/grupo-sal-terrae\\\/#breadcrumb\",\"itemListElement\":[{\"@type\":\"ListItem\",\"position\":1,\"name\":\"Portada\",\"item\":\"https:\\\/\\\/malaga.salesianos.edu\\\/centrojuvenil\\\/\"},{\"@type\":\"ListItem\",\"position\":2,\"name\":\"Grupo Sal Terrae\"}]},{\"@type\":\"WebSite\",\"@id\":\"https:\\\/\\\/malaga.salesianos.edu\\\/centrojuvenil\\\/#website\",\"url\":\"https:\\\/\\\/malaga.salesianos.edu\\\/centrojuvenil\\\/\",\"name\":\"Centro Juvenil | Salesianos M\u00e1laga\",\"description\":\"Centro Juvenil Francisco Miguez | Salesianos M\u00e1laga, Oratorio, Catequesis, Cristo Vive, Sal Terrae\",\"potentialAction\":[{\"@type\":\"SearchAction\",\"target\":{\"@type\":\"EntryPoint\",\"urlTemplate\":\"https:\\\/\\\/malaga.salesianos.edu\\\/centrojuvenil\\\/?s={search_term_string}\"},\"query-input\":{\"@type\":\"PropertyValueSpecification\",\"valueRequired\":true,\"valueName\":\"search_term_string\"}}],\"inLanguage\":\"es\"}]}<\/script>\n<!-- \/ Yoast SEO plugin. -->","yoast_head_json":{"title":"Grupo Sal Terrae - Centro Juvenil | Salesianos M\u00e1laga","robots":{"index":"index","follow":"follow","max-snippet":"max-snippet:-1","max-image-preview":"max-image-preview:large","max-video-preview":"max-video-preview:-1"},"canonical":"https:\/\/malaga.salesianos.edu\/centrojuvenil\/grupo-sal-terrae\/","og_locale":"es_ES","og_type":"article","og_title":"Grupo Sal Terrae - Centro Juvenil | Salesianos M\u00e1laga","og_description":"Los grupos \u201cSal Terrae\u201d dan continuidad al Itinerario de Educaci\u00f3n en La Fe que se lleva a cabo con los ni\u00f1os y j\u00f3venes del Movimiento juvenil Cristo Vive desde los 10 hasta los 17 a\u00f1os. \u00bfQui\u00e9nes somos? Est\u00e1 compuesto por j\u00f3venes con una edad a partir de los 18 a\u00f1os y que en su [&hellip;]","og_url":"https:\/\/malaga.salesianos.edu\/centrojuvenil\/grupo-sal-terrae\/","og_site_name":"Centro Juvenil | Salesianos M\u00e1laga","article_modified_time":"2018-11-04T21:25:49+00:00","twitter_card":"summary_large_image","twitter_misc":{"Tiempo de lectura":"7 minutos"},"schema":{"@context":"https:\/\/schema.org","@graph":[{"@type":"WebPage","@id":"https:\/\/malaga.salesianos.edu\/centrojuvenil\/grupo-sal-terrae\/","url":"https:\/\/malaga.salesianos.edu\/centrojuvenil\/grupo-sal-terrae\/","name":"Grupo Sal Terrae - Centro Juvenil | Salesianos M\u00e1laga","isPartOf":{"@id":"https:\/\/malaga.salesianos.edu\/centrojuvenil\/#website"},"datePublished":"2017-10-27T23:00:16+00:00","dateModified":"2018-11-04T21:25:49+00:00","breadcrumb":{"@id":"https:\/\/malaga.salesianos.edu\/centrojuvenil\/grupo-sal-terrae\/#breadcrumb"},"inLanguage":"es","potentialAction":[{"@type":"ReadAction","target":["https:\/\/malaga.salesianos.edu\/centrojuvenil\/grupo-sal-terrae\/"]}]},{"@type":"BreadcrumbList","@id":"https:\/\/malaga.salesianos.edu\/centrojuvenil\/grupo-sal-terrae\/#breadcrumb","itemListElement":[{"@type":"ListItem","position":1,"name":"Portada","item":"https:\/\/malaga.salesianos.edu\/centrojuvenil\/"},{"@type":"ListItem","position":2,"name":"Grupo Sal Terrae"}]},{"@type":"WebSite","@id":"https:\/\/malaga.salesianos.edu\/centrojuvenil\/#website","url":"https:\/\/malaga.salesianos.edu\/centrojuvenil\/","name":"Centro Juvenil | Salesianos M\u00e1laga","description":"Centro Juvenil Francisco Miguez | Salesianos M\u00e1laga, Oratorio, Catequesis, Cristo Vive, Sal Terrae","potentialAction":[{"@type":"SearchAction","target":{"@type":"EntryPoint","urlTemplate":"https:\/\/malaga.salesianos.edu\/centrojuvenil\/?s={search_term_string}"},"query-input":{"@type":"PropertyValueSpecification","valueRequired":true,"valueName":"search_term_string"}}],"inLanguage":"es"}]}},"_links":{"self":[{"href":"https:\/\/malaga.salesianos.edu\/centrojuvenil\/wp-json\/wp\/v2\/pages\/4883","targetHints":{"allow":["GET"]}}],"collection":[{"href":"https:\/\/malaga.salesianos.edu\/centrojuvenil\/wp-json\/wp\/v2\/pages"}],"about":[{"href":"https:\/\/malaga.salesianos.edu\/centrojuvenil\/wp-json\/wp\/v2\/types\/page"}],"author":[{"embeddable":true,"href":"https:\/\/malaga.salesianos.edu\/centrojuvenil\/wp-json\/wp\/v2\/users\/2"}],"replies":[{"embeddable":true,"href":"https:\/\/malaga.salesianos.edu\/centrojuvenil\/wp-json\/wp\/v2\/comments?post=4883"}],"version-history":[{"count":9,"href":"https:\/\/malaga.salesianos.edu\/centrojuvenil\/wp-json\/wp\/v2\/pages\/4883\/revisions"}],"predecessor-version":[{"id":8244,"href":"https:\/\/malaga.salesianos.edu\/centrojuvenil\/wp-json\/wp\/v2\/pages\/4883\/revisions\/8244"}],"wp:attachment":[{"href":"https:\/\/malaga.salesianos.edu\/centrojuvenil\/wp-json\/wp\/v2\/media?parent=4883"}],"curies":[{"name":"wp","href":"https:\/\/api.w.org\/{rel}","templated":true}]}}